of 2954.
2, 7, 211
What are the prime factors of 33141?
3, 11047
What are the prime factors of 154037?
13, 17, 41
What are the prime factors of 35065?
5, 7013
List the prime factors of 11421.
3, 47
What are the prime factors of 151?
151
What are the prime factors of 24367?
7, 59
List the prime factors of 103719.
3, 7, 11, 449
List the prime factors of 518.
2, 7, 37
What are the prime factors of 2189?
11, 199
List the prime factors of 7469.
7, 11, 97
List the prime factors of 6828.
2, 3, 569
What are the prime factors of 10259?
10259
What are the prime factors of 1143?
3, 127
What are the prime factors of 241?
241
What are the prime factors of 3538?
2, 29, 61
List the prime factors of 1056.
2, 3, 11
List the prime factors of 309.
3, 103
What are the prime factors of 32342?
2, 103, 157
List the prime factors of 644.
2, 7, 23
List the prime factors of 913.
11, 83
List the prime factors of 2442.
2, 3, 11, 37
What are the prime factors of 7984?
2, 499
What are the prime factors of 2965?
5, 593
List the prime factors of 871.
13, 67
What are the prime factors of 712?
2, 89
List the prime factors of 554.
2, 277
What are the prime factors of 48787?
48787
What are the prime factors of 259?
7, 37
What are the prime factors of 6390?
2, 3, 5, 71
List the prime factors of 7483.
7, 1069
What are the prime factors of 835?
5, 167
List the prime factors of 70585.
5, 19, 743
What are the prime factors of 2062?
2, 1031
What are the prime factors of 6268?
2, 1567
What are the prime factors of 7757?
7757
What are the prime factors of 801?
3, 89
List the prime factors of 2165.
5, 433
What are the prime factors of 31934?
2, 7, 2281
What are the prime factors of 6912?
2, 3
What are the prime factors of 65632?
2, 7, 293
List the prime factors of 6901.
67, 103
What are the prime factors of 2379?
3, 13, 61
What are the prime factors of 3469?
3469
List the prime factors of 448.
2, 7
List the prime factors of 2120.
2, 5, 53
What are the prime factors of 1785?
3, 5, 7, 17
List the prime factors of 2728.
2, 11, 31
List the prime factors of 808.
2, 101
List the prime factors of 28002.
2, 3, 13, 359
What are the prime factors of 110764?
2, 27691
What are the prime factors of 123589?
73, 1693
What are the prime factors of 17603?
29, 607
What are the prime factors of 6454?
2, 7, 461
What are the prime factors of 25465?
5, 11, 463
What are the prime factors of 3614?
2, 13, 139
What are the prime factors of 3488?
2, 109
What are the prime factors of 2510?
2, 5, 251
What are the prime factors of 7227?
3, 11, 73
List the prime factors of 2208.
2, 3, 23
What are the prime factors of 34302?
2, 3, 5717
What are the prime factors of 2558?
2, 1279
What are the prime factors of 6965?
5, 7, 199
List the prime factors of 22014.
2, 3, 1223
What are the prime factors of 68980?
2, 5, 3449
List the prime factors of 795.
3, 5, 53
What are the prime factors of 18874?
2, 9437
List the prime factors of 160197.
3, 67, 797
What are the prime factors of 17124?
2, 3, 1427
List the prime factors of 42.
2, 3, 7
What are the prime factors of 19933?
31, 643
What are the prime factors of 48303?
3, 1789
What are the prime factors of 1051?
1051
What are the prime factors of 28083?
3, 11, 23, 37
What are the prime factors of 82?
2, 41
List the prime factors of 481.
13, 37
What are the prime factors of 33823?
149, 227
List the prime factors of 1179.
3, 131
What are the prime factors of 574?
2, 7, 41
What are the prime factors of 17106?
2, 3, 2851
List the prime factors of 45134.
2, 22567
List the prime factors of 1155.
3, 5, 7, 11
List the prime factors of 5093.
11, 463
What are the prime factors of 4035?
3, 5, 269
What are the prime factors of 892?
2, 223
List the prime factors of 3462.
2, 3, 577
What are the prime factors of 4803?
3, 1601
List the prime factors of 22270.
2, 5, 17, 131
List the prime factors of 2047.
23, 89
List the prime factors of 2987.
29, 103
What are the prime factors of 5333?
5333
List the prime factors of 257.
257
List the prime factors of 26937.
3, 41, 73
List the prime factors of 25972.
2, 43, 151
List the prime factors of 75.
3, 5
What are the prime factors of 4605?
3, 5, 307
What are the prime factors of 2889?
3, 107
What are the prime factors of 2660?
2, 5, 7, 19
List the prime factors of 59316.
2, 3, 4943
What are the prime factors of 9985?
5, 1997
List the prime factors of 14621.
14621
What are the prime factors of 862?
2, 431
List the prime factors of 2614.
2, 1307
List the prime factors of 17994.
2, 3, 2999
What are the prime factors of 579?
3, 193
What are the prime factors of 19900?
2, 5, 199
List the prime factors of 19483.
19483
List the prime factors of 1644.
2, 3, 137
List the prime factors of 5415.
3, 5, 19
List the prime factors of 32493.
3, 10831
List the prime factors of 51562.
2, 7, 29, 127
List the prime factors of 26165.
5, 5233
What are the prime factors of 22209?
3, 11, 673
What are the prime factors of 9831?
3, 29, 113
List the prime factors of 436.
2, 109
List the prime factors of 4686.
2, 3, 11, 71
What are the prime factors of 49049?
7, 11, 13
What are the prime factors of 4704?
2, 3, 7
List the prime factors of 342.
2, 3, 19
What are the prime factors of 9844?
2, 23, 107
What are the prime factors of 63808?
2, 997
What are the prime factors of 2005?
5, 401
What are the prime factors of 1137?
3, 379
List the prime factors of 20245.
5, 4049
What are the prime factors of 51009?
3, 7, 347
List the prime factors of 8504.
2, 1063
What are the prime factors of 18662?
2, 7, 31, 43
List the prime factors of 12913.
37, 349
What are the prime factors of 10866?
2, 3, 1811
List the prime factors of 1149.
3, 383
List the prime factors of 2069.
2069
What are the prime factors of 1614?
2, 3, 269
What are the prime factors of 2014?
2, 19, 53
List the prime factors of 22545.
3, 5, 167
List the prime factors of 1627.
1627
List the prime factors of 56.
2, 7
What are the prime factors of 819?
3, 7, 13
List the prime factors of 229.
229
What are the prime factors of 501?
3, 167
What are the prime factors of 68740?
2, 5, 7, 491
What are the prime factors of 27547?
13, 163
What are the prime factors of 132833?
132833
List the prime factors of 1794.
2, 3, 13, 23
What are the prime factors of 87342?
2, 3, 14557
List the prime factors of 6794.
2, 43, 79
What are the prime factors of 2053?
2053
What are the prime factors of 1088?
2, 17
What are the prime factors of 62681?
19, 3299
List the prime factors of 24014.
2, 12007
What are the prime factors of 48655?
5, 37, 263
What are the prime factors of 60794?
2, 113, 269
What are the prime factors of 66072?
2, 3, 2753
List the prime factors of 141084.
2, 3, 3919
What are the prime factors of 63903?
3, 7, 17, 179
What are the prime factors of 136939?
11, 59, 211
List the prime factors of 76049.
113, 673
What are the prime factors of 1956?
2, 3, 163
What are the prime factors of 7723?
7723
What are the prime factors of 26271?
3, 7, 139
What are the prime factors of 43?
43
What are the prime factors of 1965?
3, 5, 131
List the prime factors of 8106.
2, 3, 7, 193
What are the prime factors of 23068?
2, 73, 79
List the prime factors of 46246.
2, 19, 1217
List the prime factors of 73950.
2, 3, 5, 17, 29
What are the prime factors of 542?
2, 271
What are the prime factors of 1600?
2, 5
List the prime factors of 3617.
3617
List the prime factors of 2469.
3, 823
List the prime factors of 713.
23, 31
What are the prime factors of 342?
2, 3, 19
List the prime factors of 1373.
1373
List the prime factors of 34115.
5, 6823
List the prime factors of 1431.
3, 53
List the prime factors of 26083.
26083
What are the prime factors of 8490?
2, 3, 5, 283
What are the prime factors of 839?
839
What are the prime factors of 24157?
7, 17, 29
List the prime factors of 3866.
2, 1933
List the prime factors of 3981.
3, 1327
List the prime factors of 19818.
2, 3, 367
List the prime factors of 18623.
11, 1693
What are the prime factors of 90471?
3, 53, 569
What are the prime factors of 1086?
2, 3, 181
List the prime factors of 125863.
125863
List the prime factors of 2438.
2, 23, 53
List the prime factors of 7771.
19, 409
List the prime factors of 16053.
3, 5351
List the prime factors of 7907.
7907
What are the prime factors of 3273?
3, 1091
What are the prime fac